-1615. What is the tens digit of i?
2
Suppose -4*h + 3*h - 299 = 4*g, 3*g + 248 = 4*h. Let w = 17 - g. What is the units digit of w?
3
Let i be 23/2 - 8/(-16). Suppose -2*s = -d + i, s = -3*s - 2*d - 24. Let h(w) = -4*w + 3. What is the units digit of h(s)?
7
Let m(p) = 7*p**2 - 14*p - 20. What is the tens digit of m(-12)?
5
Let g be 1/(-3) - (-268)/(-6). Let f = 71 + g. Suppose f = 4*t - 82. What is the tens digit of t?
2
Let n be ((-2 + 2)/3)/(-1). Suppose t + 0*t + 17 = 4*h, 4*h - 4*t - 20 = n. Suppose -x - 22 = -u, 158 - 35 = h*u + 3*x. What is the units digit of u?
7
Suppose 5*o - 4*g = 999, 10*o + 4*g - 394 = 8*o. What is the units digit of o?
9
Let d(t) = -2*t + 6. Let w(u) be the second derivative of -2*u**5/5 + u**4/12 + u**3/6 - u**2/2 - 5*u. Let a be w(1). What is the units digit of d(a)?
0
Suppose m - 4*m = 4*r - 3609, -3*m = -3*r + 2733. What is the tens digit of r?
0
Suppose -3*y + 423 + 3348 = 3*d, -4*y - 6294 = -5*d. What is the thousands digit of d?
1
Suppose -217840 = -56*n - 14*n. What is the units digit of n?
2
Suppose 3*w - 349 - 431 = 0. What is the hundreds digit of w?
2
Suppose -2*u + 5*u + 9 = 0. What is the units digit of (-6)/(-3)*(177/6 + u)?
3
Let y = 68 + -65. Suppose g = 3*g + 3*u - 31, 5*g = 5*u + 115. Suppose 2*v + 4*j - g = v, y*j = 4*v - 118. What is the tens digit of v?
2
Let d be (-15 - -15)/(1*2). Suppose -2*h = -4*n + 21 - 1, -3*n + 5*h + 29 = 0. Suppose n*q - 3 + 0 = d. What is the units digit of q?
1
Let t(k) = k**2. Let n(w) = 3*w**3 - 6*w**2 + 2*w. Let q(a) = n(a) + 3*t(a). Let p = -13 - -15. What is the tens digit of q(p)?
1
Let a(k) = -k**3 + k**2 + 6*k + 6. Let y be a(-4). Suppose 4*u + 5*q - y = 0, 36 = 5*u + 4*q - 46. What is the units digit of u?
8
Suppose 4*i - 4*l - 17 = l, 4*i = -2*l + 10. Let k be 54/13 - 4/26. Suppose k*a - i*a = 4. What is the units digit of a?
4
Suppose 46*f + 33 = 171. Let d(k) = -3*k + 2*k**2 + 0*k + 3 + 3. What is the units digit of d(f)?
5
Suppose 2*v - 6*v - 2233 = -g, 0 = 3*v - 6. What is the units digit of g?
1
Suppose 0 = -d - 5 + 3, 3*z - d - 740 = 0. Suppose -224 = 5*g + z. What is the units digit of g/(-3) + (-3)/9?
1
Let c(i) = 5*i + 2. Let a(f) = -5*f - 2. Let b(g) = 5*a(g) + 4*c(g). Let r be (9/(-6) - -1)*10. What is the units digit of b(r)?
3
Suppose 0 = -f - 4*y + 142, -2*f + f = -2*y - 154. Let s = f - 54. What is the units digit of s?
6
Let w = -192 - -35. Let t = -35 - w. What is the tens digit of t?
2
Suppose -3*y + 6 = -9. Let b(g) be the first derivative of -g**4/4 + 7*g**3/3 - 2*g**2 - 5*g - 45. What is the tens digit of b(y)?
2
Let i be (-4 + -4)/((-4)/2). Suppose 3*k - 9 = 0, -47 = -5*w - 2*k + 9. What is the units digit of (-5)/w - (-134)/i?
3
Let n = 3051 - 1419. What is the tens digit of n?
3
What is the units digit of (-4 - -288)/((-2)/(-3)) + -2?
4
Let b(y) = -y**3 - 3*y**2 + 3*y - 3. Let u be b(-4). What is the units digit of (-3 - -3) + 1 + u?
2
Let q = -22 + 57. Let r be 8/10 - (-42)/q. Suppose -x = -r*i - 13, -4*x - i + 5 + 2 = 0. What is the units digit of x?
3
Let p(d) = 14*d**2 + d - 7. What is the units digit of p(-4)?
3
Let v(y) = -y**2 - 7*y + 3. Suppose 2*o + 4 = -2*b - 0*o, -2*b + 2*o = 12. Let f be v(b). Let c = 2 + f. What is the tens digit of c?
1
Suppose 2*k + 7 = 3. What is the units digit of -1*(k + -1 + -2)?
5
Suppose -165 = -3*y - 3*p, 4*y - 57 = 3*p + 163. Let b = 56 - y. What is the units digit of b?
1
Let b = -69 + 2. Let a = 97 + b. Suppose -3*l + l + 40 = 2*j, -4*j = 2*l - a. What is the units digit of l?
5
Let k(m) be the second derivative of m**4/3 + 3*m**3/2 - m**2/2 - 6*m. Let j(t) = t**2 + t - 1. Let p(f) = -3*j(f) + k(f). What is the units digit of p(-7)?
9
Let g(u) = 10*u**2 + 1. Let w be g(-1). Suppose -w*a = -14*a + 273. What is the units digit of a?
1
Let b be (6*1)/((-33)/(-22)). Suppose 45 - 225 = -b*w. Let t = -29 + w. What is the tens digit of t?
1
Let q(k) = 32*k - 24. Let o be q(8). Suppose -6*w + o = -4*w. What is the hundreds digit of w?
1
Suppose -2*n + 1275 = -3*p, -63*p + 64*p - 1279 = -2*n. What is the tens digit of n?
3
Let d(u) = 10*u**3 - 3*u**2 + u - 2. Let r(k) = 2*k - 18. Let m be r(10). What is the units digit of d(m)?
8
Let u(q) = -q**2 + 16*q + 20. Let x(c) = -c**2 + 9*c + 23. Let b be x(10). What is the units digit of u(b)?
9
Suppose 22020 = 3594*c - 3590*c. What is the units digit of c?
5
Suppose -5*o = 2*t - 24, 3*t + 9*o - 6*o - 36 = 0. What is the units digit of (-23)/138 - (-2522)/t?
0
Suppose -6*a + 2*a + 2*l = -124, -l + 112 = 4*a. Suppose 27*f = a*f - 332. What is the hundreds digit of f?
1
Let z = 16 + -11. Suppose 3*g + 5*k - 135 = 13, 0 = 5*g + z*k - 240. Let c = -15 + g. What is the units digit of c?
1
Let z = 12 - 9. Suppose -7*c = -z*c - 232. What is the units digit of c?
8
Let g be 1/3*(4 - (-2 - -3)). Suppose -5*q = -2*x - 402, q + x - 85 - g = 0. What is the tens digit of q?
8
Let o(t) = 8*t**2 + t - 1. Let a(r) = 4*r - 17. Let x be a(5). What is the units digit of o(x)?
4
Let o(s) = 2*s**2 - 13*s - 3. Suppose 9*h + h + 50 = 0. What is the tens digit of o(h)?
1
Let i(d) = d**2 + 3*d + 4. Let n be i(-3). Suppose -f + 6 = 4*j - 7, 0 = n*j - 5*f + 17. Suppose j*g + 6 = -4, q - 5*g = 57. What is the tens digit of q?
3
Let c be 2 + (3 + 9)/(-3). Let u be c/10 - 76/(-5). Suppose -2*m = -0*m + 3*n - 45, u = m + 3*n. What is the units digit of m?
0
Let m(z) = z**2 + 165. Let i be m(0). Suppose -4*f + i + 99 = 0. What is the tens digit of f?
6
Let d = -439 - -854. What is the tens digit of d?
1
Let p(x) = 7*x**2 - 14*x + 12. What is the units digit of p(7)?
7
Let y be (-12)/((-9)/3) + -3. Suppose -2*z = 4, g + y = 7*z - 2*z. What is the units digit of 12/(-66) - 739/g?
7
Suppose -2389 = -2*t + 3*l, 2*t = -t + 5*l + 3582. What is the hundreds digit of t?
1
Let h(g) = 12*g**3 + 4*g**2 - 14*g + 23. What is the units digit of h(4)?
9
Suppose 12*m = 3*m + 72. Let z = m + 77. What is the units digit of z?
5
Let n be (-10)/4 + 23930/20. Suppose 5*s = 4*m + n, 2*m = 5*s - 846 - 346. What is the hundreds digit of s?
2
Let d be (-4)/22 - (-35)/11. Suppose -d*l - 36 = -0. Let z(s) = -s**2 - 14*s - 6. What is the tens digit of z(l)?
1
Let j(v) = v**3 - 21*v**2 - v + 27. Let p be j(21). Let c(x) = -x**3 + 9*x**2 - 9*x - 10. What is the units digit of c(p)?
4
Let k be (2/(-3))/((-2)/33). Suppose 0*h + k*h = 1958. What is the tens digit of h?
7
Let p = -65 - -64. What is the tens digit of 8514/55 - p/5?
5
Let t(r) = 141*r + 29. What is the hundreds digit of t(2)?
3
Let p(o) = -o**3 - o**2 - 2*o. Let u be p(0). Let l = 5 - 3. Suppose 3*g + 9 = u, l*g = 4*a - a - 66. What is the tens digit of a?
2
Let d = -412 - -2113. What is the tens digit of d?
0
Let j(d) = 3*d - 8*d + 3*d - 5. Let l(x) = 2*x + 12. Let g be l(-10). What is the units digit of j(g)?
1
Let b = 205 + 136. What is the tens digit of b?
4
Let f be (-2)/(1 - (-1 + 3)). Suppose 0 = -42*y + 47*y - 130. Suppose y = 4*v - f*v. What is the units digit of v?
3
Let j = -54 - -59. Suppose 3*o = -z + 133, -o + j*z - 9 + 48 = 0. What is the tens digit of o?
4
Suppose l + 102 = 3*l. Suppose -2*o + 39 + l = 0. What is the units digit of (o/(-12))/(6/(-16))?
0
Suppose -n + 597 = -0*m + m, 2*m - 2390 = -4*n. What is the units digit of n?
8
Suppose 3*n - 3988 = 629. What is the hundreds digit of n?
5
Let b = -13 + 18. Suppose 0 = b*o - 0*o + 75. Let y = 17 + o. What is the units digit of y?
2
Let w(u) = 204*u - 360. What is the hundreds digit of w(10)?
6
Let t = 728 + -133. What is the tens digit of t?
9
Let v be (1 - 33) + 1/(-1)*-2. Let k = v + 122. What is the units digit of k?
2
Suppose -3*f - 5*m + 1806 = 0, -2*m - 44 - 1741 = -3*f. What is the tens digit of f?
9
Let u = 320 + 233. What is the units digit of u?
3
Let w(x) = 18 - 22*x + 46*x - 26. What is the tens digit of w(4)?
8
Suppose 4567 + 35 = 6*v. What is the units digit of v?
7
What is the hundreds digit of 159 + 2/(3 - 21/6)?
1
Let k = 2772 + -988. What is the units digit of k?
4
Suppose -2*v = v - 6, 292 = 4*n + 4*v. Suppose q - n = -i, q + 36 = i - 35. What is the tens digit of i?
7
Let r(n) = 3*n - 17. What is the units digit of r(27)?
4
Suppose -4*z + 3*h + 2*h = 0, -4*h = 0. Suppose 3*r + 3*g - 30 = z, 0 = 4*r - r - 3*g - 30. What is the units digit of r?
0
Suppose 2*c = -5*